{"id":82,"date":"2017-09-07T09:48:29","date_gmt":"2017-09-07T09:48:29","guid":{"rendered":"http:\/\/konradschule.de\/Wordpress\/?page_id=82"},"modified":"2026-04-09T17:28:02","modified_gmt":"2026-04-09T16:28:02","slug":"foerderverein","status":"publish","type":"page","link":"https:\/\/konradschule.de\/?page_id=82","title":{"rendered":"F\u00f6rderverein"},"content":{"rendered":"\t\t<div data-elementor-type=\"wp-page\" data-elementor-id=\"82\" class=\"elementor elementor-82\">\n\t\t\t\t<div class=\"elementor-element elementor-element-4142604 e-flex e-con-boxed e-con e-parent\" data-id=\"4142604\" data-element_type=\"container\">\n\t\t\t\t\t<div class=\"e-con-inner\">\n\t\t\t\t<div class=\"elementor-element elementor-element-fd3acfc elementor-widget elementor-widget-button\" data-id=\"fd3acfc\" data-element_type=\"widget\" data-widget_type=\"button.default\">\n\t\t\t\t\t\t\t\t\t\t<a class=\"elementor-button elementor-button-link elementor-size-sm\" href=\"https:\/\/konradschule.de\/?page_id=74\">\n\t\t\t\t\t\t<span class=\"elementor-button-content-wrapper\">\n\t\t\t\t\t\t<span class=\"elementor-button-icon\">\n\t\t\t\t<svg aria-hidden=\"true\" class=\"e-font-icon-svg e-far-arrow-alt-circle-left\" viewBox=\"0 0 512 512\" xmlns=\"http:\/\/www.w3.org\/2000\/svg\"><path d=\"M8 256c0 137 111 248 248 248s248-111 248-248S393 8 256 8 8 119 8 256zm448 0c0 110.5-89.5 200-200 200S56 366.5 56 256 145.5 56 256 56s200 89.5 200 200zm-72-20v40c0 6.6-5.4 12-12 12H256v67c0 10.7-12.9 16-20.5 8.5l-99-99c-4.7-4.7-4.7-12.3 0-17l99-99c7.6-7.6 20.5-2.2 20.5 8.5v67h116c6.6 0 12 5.4 12 12z\"><\/path><\/svg>\t\t\t<\/span>\n\t\t\t\t\t\t\t\t\t<span class=\"elementor-button-text\">zur\u00fcck<\/span>\n\t\t\t\t\t<\/span>\n\t\t\t\t\t<\/a>\n\t\t\t\t\t\t\t\t<\/div>\n\t\t\t\t\t<\/div>\n\t\t\t\t<\/div>\n\t\t<div class=\"elementor-element elementor-element-6d10a18c e-flex e-con-boxed e-con e-parent\" data-id=\"6d10a18c\" data-element_type=\"container\">\n\t\t\t\t\t<div class=\"e-con-inner\">\n\t\t\t\t<div class=\"elementor-element elementor-element-7e22e256 elementor-widget elementor-widget-text-editor\" data-id=\"7e22e256\" data-element_type=\"widget\" data-widget_type=\"text-editor.default\">\n\t\t\t\t\t\t\t\t\t<p>\u00a0<\/p><p><img fetchpriority=\"high\" decoding=\"async\" class=\"aligncenter size-full wp-image-19069\" src=\"https:\/\/konradschule.de\/wp-content\/uploads\/2024\/11\/Header-Homepage.png\" alt=\"\" width=\"1024\" height=\"200\" srcset=\"https:\/\/konradschule.de\/wp-content\/uploads\/2024\/11\/Header-Homepage.png 1024w, https:\/\/konradschule.de\/wp-content\/uploads\/2024\/11\/Header-Homepage-300x59.png 300w, https:\/\/konradschule.de\/wp-content\/uploads\/2024\/11\/Header-Homepage-768x150.png 768w\" sizes=\"(max-width: 1024px) 100vw, 1024px\" \/><\/p><p>Seit 2011 engagiert sich der F\u00f6rderverein der Konradschule, um die Schulzeit f\u00fcr die Kinder bunt und vielf\u00e4ltig zu gestalten. Dank Mitgliedsbeitr\u00e4gen und Spenden konnten bereits zahlreiche Projekte und Aktivit\u00e4ten der Grundschule realisiert werden.<\/p><p><strong>Einige unserer Projekte und Aktivit\u00e4ten:<\/strong><\/p><ul><li>Natur-Erlebnis-Pausenhof: Ein Ort, der Abenteuer und Entspannung vereint<\/li><li>Kulturelle Veranstaltungen: Schulkonzerte, Lesungen und Theaterauff\u00fchrungen<\/li><li>Individuelle F\u00f6rderung: Schreib-Schablonen f\u00fcr Erstklasskinder, Kreativtage und vieles mehr<\/li><li>Finanzielle Unterst\u00fctzung: Bei Bedarf hilft der Verein bei H\u00e4rtef\u00e4llen, um allen Kindern den Zugang zu Bildung zu sichern.<\/li><\/ul><p><strong>Wie Sie uns unterst\u00fctzen k\u00f6nnen:<\/strong> Treten Sie dem F\u00f6rderverein bei oder unterst\u00fctzen Sie uns mit einer Spende \u2013 schon mit einem Jahresbeitrag ab 15 Euro helfen Sie aktiv, die Schulgemeinschaft weiterzuentwickeln. Den Mitgliedsantrag finden Sie <a href=\"https:\/\/konradschule.de\/wp-content\/uploads\/2024\/11\/Beitrittserklaerung_FV_beschreibbar.pdf\">hier<\/a> zum Download. Sie m\u00f6chten lieber spenden? Das geht ganz einfach \u00fcber PayPal an <a href=\"mailto:info@fv-konradschule.de\">info@fv-konradschule.de<\/a>.<\/p><p><strong>Kontakt:<\/strong> Der F\u00f6rderverein wird von einem engagierten Team geleitet und ist jederzeit f\u00fcr Fragen erreichbar. Schreiben Sie uns: <a href=\"mailto:info@fv-konradschule.de\">info@fv-konradschule.de<\/a><\/p><p>Gemeinsam schaffen wir Chancen und Erinnerungen. Unterst\u00fctzen auch Sie die Konradschule!<\/p><p><span data-ccp-props=\"{&quot;201341983&quot;:0,&quot;335559737&quot;:-705,&quot;335559739&quot;:0,&quot;335559740&quot;:259}\"> <img decoding=\"async\" class=\"aligncenter size-full wp-image-19071\" src=\"https:\/\/konradschule.de\/wp-content\/uploads\/2024\/11\/Neues-Bild-vom-Vorstand.png\" alt=\"\" width=\"1920\" height=\"1080\" srcset=\"https:\/\/konradschule.de\/wp-content\/uploads\/2024\/11\/Neues-Bild-vom-Vorstand.png 1920w, https:\/\/konradschule.de\/wp-content\/uploads\/2024\/11\/Neues-Bild-vom-Vorstand-300x169.png 300w, https:\/\/konradschule.de\/wp-content\/uploads\/2024\/11\/Neues-Bild-vom-Vorstand-1024x576.png 1024w, https:\/\/konradschule.de\/wp-content\/uploads\/2024\/11\/Neues-Bild-vom-Vorstand-768x432.png 768w, https:\/\/konradschule.de\/wp-content\/uploads\/2024\/11\/Neues-Bild-vom-Vorstand-1536x864.png 1536w\" sizes=\"(max-width: 1920px) 100vw, 1920px\" \/><\/span><\/p><p><strong>Vorstand<\/strong><\/p><p>Vorsitzende: Christina Zimmermann<\/p><p>Stellv. Vorsitzende: Cornelia F\u00e4th<\/p><p>Kassenwart: Hannes Reuel<\/p><p>Schriftf\u00fchrung: Maxie Wolter<\/p><p>Hier finden Sie die Satzung des F\u00f6rdervereins als PDF zum<strong> <a href=\"https:\/\/konradschule.de\/wp-content\/uploads\/2024\/11\/Satzung_FV_2024.pdf\">Download<\/a><\/strong><\/p><p>Ihre Email an den F\u00f6rderverein schicken Sie bitte an:<br \/><strong><a href=\"mailto:info@fv-konradschule.de\">info@fv-konradschule.de<\/a><\/strong><\/p><p><strong><a href=\"https:\/\/konradschule.de\/?page_id=90\">Aktionen <\/a><\/strong><\/p><p><strong><a href=\"https:\/\/konradschule.de\/?page_id=88\">F\u00f6rdermitglied werden\u00a0<\/a><\/strong><\/p><p><strong><a href=\"https:\/\/konradschule.de\/?page_id=92\">Presse <\/a><\/strong><\/p><p><strong><a href=\"https:\/\/konradschule.de\/?page_id=94\">F\u00f6rderer<\/a><\/strong><\/p><p><strong><a href=\"https:\/\/konradschule.de\/?page_id=5458\">Datenschutzerkl\u00e4rung<\/a><\/strong><\/p><p><img decoding=\"async\" class=\"size-full wp-image-442 aligncenter\" src=\"https:\/\/konradschule.de\/wp-content\/uploads\/2017\/09\/teamregeln.gif\" alt=\"\" width=\"318\" height=\"149\" \/><\/p><h2>\u00a0<\/h2>\t\t\t\t\t\t\t\t<\/div>\n\t\t\t\t\t<\/div>\n\t\t\t\t<\/div>\n\t\t\t\t<\/div>\n\t\t","protected":false},"excerpt":{"rendered":"<p>zur\u00fcck \u00a0 Seit 2011 engagiert sich der F\u00f6rderverein der Konradschule, um die Schulzeit f\u00fcr die Kinder bunt und vielf\u00e4ltig zu gestalten. Dank Mitgliedsbeitr\u00e4gen und Spenden konnten bereits zahlreiche Projekte und [&hellip;]<\/p>\n","protected":false},"author":1,"featured_media":0,"parent":74,"menu_order":0,"comment_status":"closed","ping_status":"closed","template":"","meta":{"footnotes":"","_links_to":"","_links_to_target":""},"class_list":["post-82","page","type-page","status-publish","hentry"],"_links":{"self":[{"href":"https:\/\/konradschule.de\/index.php?rest_route=\/wp\/v2\/pages\/82","targetHints":{"allow":["GET"]}}],"collection":[{"href":"https:\/\/konradschule.de\/index.php?rest_route=\/wp\/v2\/pages"}],"about":[{"href":"https:\/\/konradschule.de\/index.php?rest_route=\/wp\/v2\/types\/page"}],"author":[{"embeddable":true,"href":"https:\/\/konradschule.de\/index.php?rest_route=\/wp\/v2\/users\/1"}],"replies":[{"embeddable":true,"href":"https:\/\/konradschule.de\/index.php?rest_route=%2Fwp%2Fv2%2Fcomments&post=82"}],"version-history":[{"count":64,"href":"https:\/\/konradschule.de\/index.php?rest_route=\/wp\/v2\/pages\/82\/revisions"}],"predecessor-version":[{"id":20315,"href":"https:\/\/konradschule.de\/index.php?rest_route=\/wp\/v2\/pages\/82\/revisions\/20315"}],"up":[{"embeddable":true,"href":"https:\/\/konradschule.de\/index.php?rest_route=\/wp\/v2\/pages\/74"}],"wp:attachment":[{"href":"https:\/\/konradschule.de\/index.php?rest_route=%2Fwp%2Fv2%2Fmedia&parent=82"}],"curies":[{"name":"wp","href":"https:\/\/api.w.org\/{rel}","templated":true}]}}

Förderverein

<div data-elementor-type="wp-page" data-elementor-id="82" class="elementor elementor-82">
				<div class="elementor-element elementor-element-4142604 e-flex e-con-boxed e-con e-parent" data-id="4142604" data-element_type="container">
					<div class="e-con-inner">
				<div class="elementor-element elementor-element-fd3acfc elementor-widget elementor-widget-button" data-id="fd3acfc" data-element_type="widget" data-widget_type="button.default">
										<a class="elementor-button elementor-button-link elementor-size-sm" href="https://konradschule.de/?page_id=74">
						<span class="elementor-button-content-wrapper">
						<span class="elementor-button-icon">
				<svg aria-hidden="true" class="e-font-icon-svg e-far-arrow-alt-circle-left" viewBox="0 0 512 512" xmlns="http://www.w3.org/2000/svg"><path d="M8 256c0 137 111 248 248 248s248-111 248-248S393 8 256 8 8 119 8 256zm448 0c0 110.5-89.5 200-200 200S56 366.5 56 256 145.5 56 256 56s200 89.5 200 200zm-72-20v40c0 6.6-5.4 12-12 12H256v67c0 10.7-12.9 16-20.5 8.5l-99-99c-4.7-4.7-4.7-12.3 0-17l99-99c7.6-7.6 20.5-2.2 20.5 8.5v67h116c6.6 0 12 5.4 12 12z"></path></svg>			</span>
									<span class="elementor-button-text">zurück</span>
					</span>
					</a>
								</div>
					</div>
				</div>
		<div class="elementor-element elementor-element-6d10a18c e-flex e-con-boxed e-con e-parent" data-id="6d10a18c" data-element_type="container">
					<div class="e-con-inner">
				<div class="elementor-element elementor-element-7e22e256 elementor-widget elementor-widget-text-editor" data-id="7e22e256" data-element_type="widget" data-widget_type="text-editor.default">
									<p> </p><p><img fetchpriority="high" decoding="async" class="aligncenter size-full wp-image-19069" src="https://konradschule.de/wp-content/uploads/2024/11/Header-Homepage.png" alt="" width="1024" height="200" srcset="https://konradschule.de/wp-content/uploads/2024/11/Header-Homepage.png 1024w, https://konradschule.de/wp-content/uploads/2024/11/Header-Homepage-300x59.png 300w, https://konradschule.de/wp-content/uploads/2024/11/Header-Homepage-768x150.png 768w" sizes="(max-width: 1024px) 100vw, 1024px" /></p><p>Seit 2011 engagiert sich der Förderverein der Konradschule, um die Schulzeit für die Kinder bunt und vielfältig zu gestalten. Dank Mitgliedsbeiträgen und Spenden konnten bereits zahlreiche Projekte und Aktivitäten der Grundschule realisiert werden.</p><p><strong>Einige unserer Projekte und Aktivitäten:</strong></p><ul><li>Natur-Erlebnis-Pausenhof: Ein Ort, der Abenteuer und Entspannung vereint</li><li>Kulturelle Veranstaltungen: Schulkonzerte, Lesungen und Theateraufführungen</li><li>Individuelle Förderung: Schreib-Schablonen für Erstklasskinder, Kreativtage und vieles mehr</li><li>Finanzielle Unterstützung: Bei Bedarf hilft der Verein bei Härtefällen, um allen Kindern den Zugang zu Bildung zu sichern.</li></ul><p><strong>Wie Sie uns unterstützen können:</strong> Treten Sie dem Förderverein bei oder unterstützen Sie uns mit einer Spende – schon mit einem Jahresbeitrag ab 15 Euro helfen Sie aktiv, die Schulgemeinschaft weiterzuentwickeln. Den Mitgliedsantrag finden Sie <a href="https://konradschule.de/wp-content/uploads/2024/11/Beitrittserklaerung_FV_beschreibbar.pdf">hier</a> zum Download. Sie möchten lieber spenden? Das geht ganz einfach über PayPal an <a href="mailto:info@fv-konradschule.de">info@fv-konradschule.de</a>.</p><p><strong>Kontakt:</strong> Der Förderverein wird von einem engagierten Team geleitet und ist jederzeit für Fragen erreichbar. Schreiben Sie uns: <a href="mailto:info@fv-konradschule.de">info@fv-konradschule.de</a></p><p>Gemeinsam schaffen wir Chancen und Erinnerungen. Unterstützen auch Sie die Konradschule!</p><p><span data-ccp-props="{&quot;201341983&quot;:0,&quot;335559737&quot;:-705,&quot;335559739&quot;:0,&quot;335559740&quot;:259}"> <img decoding="async" class="aligncenter size-full wp-image-19071" src="https://konradschule.de/wp-content/uploads/2024/11/Neues-Bild-vom-Vorstand.png" alt="" width="1920" height="1080" srcset="https://konradschule.de/wp-content/uploads/2024/11/Neues-Bild-vom-Vorstand.png 1920w, https://konradschule.de/wp-content/uploads/2024/11/Neues-Bild-vom-Vorstand-300x169.png 300w, https://konradschule.de/wp-content/uploads/2024/11/Neues-Bild-vom-Vorstand-1024x576.png 1024w, https://konradschule.de/wp-content/uploads/2024/11/Neues-Bild-vom-Vorstand-768x432.png 768w, https://konradschule.de/wp-content/uploads/2024/11/Neues-Bild-vom-Vorstand-1536x864.png 1536w" sizes="(max-width: 1920px) 100vw, 1920px" /></span></p><p><strong>Vorstand</strong></p><p>Vorsitzende: Christina Zimmermann</p><p>Stellv. Vorsitzende: Cornelia Fäth</p><p>Kassenwart: Hannes Reuel</p><p>Schriftführung: Maxie Wolter</p><p>Hier finden Sie die Satzung des Fördervereins als PDF zum<strong> <a href="https://konradschule.de/wp-content/uploads/2024/11/Satzung_FV_2024.pdf">Download</a></strong></p><p>Ihre Email an den Förderverein schicken Sie bitte an:<br /><strong><a href="mailto:info@fv-konradschule.de">info@fv-konradschule.de</a></strong></p><p><strong><a href="https://konradschule.de/?page_id=90">Aktionen </a></strong></p><p><strong><a href="https://konradschule.de/?page_id=88">Fördermitglied werden </a></strong></p><p><strong><a href="https://konradschule.de/?page_id=92">Presse </a></strong></p><p><strong><a href="https://konradschule.de/?page_id=94">Förderer</a></strong></p><p><strong><a href="https://konradschule.de/?page_id=5458">Datenschutzerklärung</a></strong></p><p><img decoding="async" class="size-full wp-image-442 aligncenter" src="https://konradschule.de/wp-content/uploads/2017/09/teamregeln.gif" alt="" width="318" height="149" /></p><h2> </h2>								</div>
					</div>
				</div>
				</div>

<p>zurück   Seit 2011 engagiert sich der Förderverein der Konradschule, um die Schulzeit für die Kinder bunt und vielfältig zu gestalten. Dank Mitgliedsbeiträgen und Spenden konnten bereits zahlreiche Projekte und [&hellip;]</p>
