{"id":651,"date":"2017-09-07T16:27:56","date_gmt":"2017-09-07T16:27:56","guid":{"rendered":"http:\/\/konradschule.de\/Wordpress\/?page_id=651"},"modified":"2026-02-23T05:43:51","modified_gmt":"2026-02-23T04:43:51","slug":"beratung","status":"publish","type":"page","link":"https:\/\/konradschule.de\/?page_id=651","title":{"rendered":"Schulberatung"},"content":{"rendered":"\t\t<div data-elementor-type=\"wp-page\" data-elementor-id=\"651\" class=\"elementor elementor-651\">\n\t\t\t\t<div class=\"elementor-element elementor-element-e869797 e-flex e-con-boxed e-con e-parent\" data-id=\"e869797\" data-element_type=\"container\" data-e-type=\"container\">\n\t\t\t\t\t<div class=\"e-con-inner\">\n\t\t\t\t<div class=\"elementor-element elementor-element-256b00d elementor-widget elementor-widget-button\" data-id=\"256b00d\" data-element_type=\"widget\" data-e-type=\"widget\" data-widget_type=\"button.default\">\n\t\t\t\t\t\t\t\t\t\t<a class=\"elementor-button elementor-button-link elementor-size-sm\" href=\"https:\/\/konradschule.de\/?page_id=60\">\n\t\t\t\t\t\t<span class=\"elementor-button-content-wrapper\">\n\t\t\t\t\t\t<span class=\"elementor-button-icon\">\n\t\t\t\t<svg aria-hidden=\"true\" class=\"e-font-icon-svg e-far-arrow-alt-circle-left\" viewBox=\"0 0 512 512\" xmlns=\"http:\/\/www.w3.org\/2000\/svg\"><path d=\"M8 256c0 137 111 248 248 248s248-111 248-248S393 8 256 8 8 119 8 256zm448 0c0 110.5-89.5 200-200 200S56 366.5 56 256 145.5 56 256 56s200 89.5 200 200zm-72-20v40c0 6.6-5.4 12-12 12H256v67c0 10.7-12.9 16-20.5 8.5l-99-99c-4.7-4.7-4.7-12.3 0-17l99-99c7.6-7.6 20.5-2.2 20.5 8.5v67h116c6.6 0 12 5.4 12 12z\"><\/path><\/svg>\t\t\t<\/span>\n\t\t\t\t\t\t\t\t\t<span class=\"elementor-button-text\">zur\u00fcck<\/span>\n\t\t\t\t\t<\/span>\n\t\t\t\t\t<\/a>\n\t\t\t\t\t\t\t\t<\/div>\n\t\t\t\t\t<\/div>\n\t\t\t\t<\/div>\n\t\t<div class=\"elementor-element elementor-element-7ed44761 e-flex e-con-boxed e-con e-parent\" data-id=\"7ed44761\" data-element_type=\"container\" data-e-type=\"container\">\n\t\t\t\t\t<div class=\"e-con-inner\">\n\t\t\t\t<div class=\"elementor-element elementor-element-3232a4 elementor-widget elementor-widget-text-editor\" data-id=\"3232a4\" data-element_type=\"widget\" data-e-type=\"widget\" data-widget_type=\"text-editor.default\">\n\t\t\t\t\t\t\t\t\t<p>\u00a0<\/p><p>Die Schule will die Entwicklung Ihres Kindes f\u00f6rdern und ihm helfen, dass es den seinen Neigungen und F\u00e4higkeiten entsprechenden schulischen und sp\u00e4ter dann beruflichen Weg einschlagen kann. Die Beratung der Sch\u00fcler und Sch\u00fclerinnen und ihrer Eltern ist ein Teil des Erziehungsauftrages der Schule. Aus diesem Grunde m\u00f6chten wir auf verschiedene Beratungsangebote hinweisen.<\/p><p><span style=\"color: #000000;\"><b>Schulberatungszentrum Haar\u00a0<\/b><\/span><br \/>St.Konradstr. 7<br \/>85540 Haar<br \/>Tel: (089) 437 46 30 109<\/p><p>Arbeitsschwerpunkte:<\/p><ul><li>Diagnostik und Unterst\u00fctzung bei Lern- und Leistungsschwierigkeiten, z.B. Schwierigkeiten im Lesen und\/oder Rechtschreiben (LRS\/Legasthenie) oder Rechnen (Dyskalkulie)<\/li><li>Bei Vorliegen eines Gutachtens zur LRS\/Legasthenie beraten wir Sie \u00fcber die Anerkennung und das weitere Vorgehen zur Beantragung von Notenschutz und Nachteilsausgleich.<\/li><li>Diagnostik und Beratung im Rahmen der Inklusion<\/li><li>Diagnostik von besonderer Begabung, Hochbegabung<\/li><li>Beratung zu Lernmotivation und Arbeitsverhalten<\/li><li>Schullaufbahnberatung<\/li><li>Beratung bei Schwierigkeiten im sozial-emotionalen Bereich<\/li><li>Diagnostik und Beratung bei Schulunlust und Schulangst<\/li><li>Beratung bei Mobbing<\/li><li>Vermittlung bzw. Kl\u00e4rung bei Konflikten<\/li><li>Beratung und Unterst\u00fctzung in akuten Krisen<\/li><li>Beratung und Unterst\u00fctzung von Schule und Lehrkr\u00e4ften<\/li><li>Fortbildungen<\/li><\/ul><p>Ansprechpartner und Telefonsprechzeiten entnehmen Sie bitte dem Elternbrief.<\/p><p><a href=\"https:\/\/konradschule.de\/wp-content\/uploads\/2024\/09\/Infobrief-Eltern-SBZ-Haar.pdf\">Infobrief Eltern SBZ Haar<\/a><\/p><p><span style=\"text-decoration: underline;\"><strong>Weitere staatliche Beratungsm\u00f6glichkeiten:<\/strong> <\/span><\/p><p><span style=\"color: #000000;\"><strong>Beratungsrektorinnen am Staatlichen Schulamt im Landkreis M\u00fcnchen<\/strong><\/span><\/p><p>Chiemgaustra\u00dfe 109, 81549 M\u00fcnchen, <a href=\"http:\/\/www.schulamt.landkreis-muenchen.de\">www.schulamt.landkreis-muenchen.de<\/a><\/p><ul><li>Bettina Hahlweg, Schulpsychologin, BRin, Tel: 0173 \u2013 889 43 02, <a href=\"mailto:bettina.hahlweg@lra-m.bayern.de\">bettina.hahlweg@lra-m.bayern.de<\/a><\/li><li>Rena H\u00f6nlein, Schulpsychologin, BRin, Tel: 0173 \u2013 864 47 80, <a href=\"mailto:rena.hoenlein@lra-m.bayern.de\">rena.hoenlein@lra-m.bayern.de<\/a><\/li><\/ul><p><span style=\"color: #000000;\"><b>Staatlichen Schulberatungsstelle im Landkreis M\u00fcnchen<\/b><\/span><\/p><p><span style=\"color: #000000;\">Infanteriestr. 7<\/span><br \/>80797 M\u00fcnchen<br \/>Tel: 089\/38384950<br \/>Fax: 089\/38384988<br \/><a href=\"http:\/\/www.schulberatung.bayern.de\/schulberatung\/muenchen\/\" target=\"new\" rel=\"noopener noreferrer\">www.schulberatung.bayern.de<\/a><br \/>Hier erhalten Sie weiterf\u00fchrende Beratung durch ein Team von Beratungslehrern und Schulpsychologen der einzelnen Schularten. Die pers\u00f6nliche Beratung findet nach telefonischer Voranmeldung statt.<\/p>\t\t\t\t\t\t\t\t<\/div>\n\t\t\t\t\t<\/div>\n\t\t\t\t<\/div>\n\t\t\t\t<\/div>\n\t\t","protected":false},"excerpt":{"rendered":"<p>zur\u00fcck \u00a0 Die Schule will die Entwicklung Ihres Kindes f\u00f6rdern und ihm helfen, dass es den seinen Neigungen und F\u00e4higkeiten entsprechenden schulischen und sp\u00e4ter dann beruflichen Weg einschlagen kann. Die [&hellip;]<\/p>\n","protected":false},"author":1,"featured_media":0,"parent":60,"menu_order":0,"comment_status":"closed","ping_status":"closed","template":"","meta":{"footnotes":"","_links_to":"","_links_to_target":""},"class_list":["post-651","page","type-page","status-publish","hentry"],"_links":{"self":[{"href":"https:\/\/konradschule.de\/index.php?rest_route=\/wp\/v2\/pages\/651","targetHints":{"allow":["GET"]}}],"collection":[{"href":"https:\/\/konradschule.de\/index.php?rest_route=\/wp\/v2\/pages"}],"about":[{"href":"https:\/\/konradschule.de\/index.php?rest_route=\/wp\/v2\/types\/page"}],"author":[{"embeddable":true,"href":"https:\/\/konradschule.de\/index.php?rest_route=\/wp\/v2\/users\/1"}],"replies":[{"embeddable":true,"href":"https:\/\/konradschule.de\/index.php?rest_route=%2Fwp%2Fv2%2Fcomments&post=651"}],"version-history":[{"count":54,"href":"https:\/\/konradschule.de\/index.php?rest_route=\/wp\/v2\/pages\/651\/revisions"}],"predecessor-version":[{"id":20220,"href":"https:\/\/konradschule.de\/index.php?rest_route=\/wp\/v2\/pages\/651\/revisions\/20220"}],"up":[{"embeddable":true,"href":"https:\/\/konradschule.de\/index.php?rest_route=\/wp\/v2\/pages\/60"}],"wp:attachment":[{"href":"https:\/\/konradschule.de\/index.php?rest_route=%2Fwp%2Fv2%2Fmedia&parent=651"}],"curies":[{"name":"wp","href":"https:\/\/api.w.org\/{rel}","templated":true}]}}